 l**2 + l - 1. Let o(q) = 2*q**3 - 4*q**2 + q. Let j(a) = o(a) + 3*s(a). Suppose 4*x = -4*g + 28, -5 = 2*g + x - 14. What is the tens digit of j(g)?
1
Let o(y) be the second derivative of -y**4/12 - 2*y**3/3 - y**2/2 + y. Let c be 8/(-3) - (-1)/(-3). What is the units digit of o(c)?
2
Let t be 44 + (-3 - -3) - -4. Suppose -3*x + 3 = -t. What is the tens digit of x?
1
Suppose 4*z = 13 + 3. Suppose n + 7 = 3*b, -4*b - z*n + 2 = -2. Suppose -c + 9 = -b*k, c + 2*k = 5*c - 60. What is the tens digit of c?
1
Suppose -4*l - 4 = 3*r, 5*r = 5*l - 0*l - 30. Let c be (-4)/(r/10 + 0). Suppose 0 = -0*z + z - c. What is the units digit of z?
0
Let a(n) = -n**2 - 5*n. Let y be a(-4). Suppose 2 = 3*s + 5*o - 4, y*s = -2*o + 8. What is the units digit of ((-6)/s)/(18/(-60))?
0
Let i = 15 - -24. What is the units digit of i?
9
Let i(d) = -1 + d**3 + 7*d**2 + 0 - d**2 - 3 - 2*d. Let a be i(-5). Suppose -106 = -5*m - a. What is the units digit of m?
5
Let w(t) = 33*t + 5. Let c(r) = 182*r + 28. Let u(j) = 5*c(j) - 28*w(j). What is the units digit of u(-1)?
4
Let z(v) = v + 14. Let x = 12 + -18. What is the units digit of z(x)?
8
Suppose 0 = -s - s + 28. Suppose s = 3*l - l. What is the units digit of l?
7
Let t = 56 - 10. What is the tens digit of t?
4
Let n(u) = -7*u**2 + 1. Let p be n(1). What is the units digit of 2 - 1*(p + 3)?
5
Suppose 6*s = s - 3*d + 38, 5*s = -d + 36. Let k = s + -5. Suppose -t - k*i = 0, -4*t + 4*i = -i - 52. What is the units digit of t?
8
What is the units digit of (-1948)/(-5) - 8/(-20)?
0
Let w(n) = -17*n + 18*n - 3 + 0. What is the units digit of w(9)?
6
Suppose 2*o + 24 = -8. Let j = o + 8. What is the units digit of 3/(-4) + (-62)/j?
7
Let b = -1 - 0. Let p = 3 + b. Suppose 12 + 2 = p*t. What is the units digit of t?
7
What is the tens digit of (50/(-4))/(3/(-6))?
2
Let x(c) = 15*c**3 - 3*c - 3. What is the units digit of x(2)?
1
Let r(o) = o**2 - 3*o - 7. Let y be (-2)/9 + 94/18. What is the units digit of r(y)?
3
What is the units digit of 3 + 4/2*13?
9
Let f(d) = 4*d**2 - 6*d - 6 - 4*d**2 + d**2. Let m be f(7). Suppose -2*u - m = 9, 5*g = -2*u + 20. What is the units digit of g?
6
What is the units digit of (210/(-7))/(3/(-4))?
0
Let h = 29 - -7. What is the tens digit of h?
3
Suppose -4*a + 32 = s, 19 - 87 = -5*s + 3*a. What is the tens digit of s?
1
Let r(t) = -2*t - 15. Let l be r(-10). Suppose -3*z + 1 + l = j, 3*j - 2*z = -4. Suppose 4*g - 27 - 41 = j. What is the units digit of g?
7
Let l(k) = -5*k - 1. Let v be l(-4). Let d = v - 7. What is the units digit of d?
2
Suppose 2*n - 7 - 1 = 0. Suppose 0 = n*h - 12. Suppose 0 = -2*x + 5 - h. What is the units digit of x?
1
What is the units digit of (66/12 + -6)*-690?
5
Let q be 10 - (-3 + -2 + 2). Let s(z) = -7*z + 5. Let l(r) = -14*r + 11. Let i(w) = q*s(w) - 6*l(w). What is the units digit of i(-2)?
3
Let l = 137 + 1. What is the hundreds digit of l?
1
What is the tens digit of (-1 + 0)/((-17)/1564)?
9
Suppose -6*s = -2*s - 20. Suppose j = 2*w - 0 - 3, -10 = -s*w. What is the units digit of j?
1
Let s(q) = q + 33. What is the units digit of s(-11)?
2
Let i be 0*(1/2 - 1). Let a = 0 - i. Suppose 4*w - 45 = -5*o, a = -o + w + 2*w + 9. What is the units digit of o?
9
Let g(r) = 24*r - 8. Let w be g(11). Suppose -3*p + 2*l - 50 = -4*p, -5*p - 4*l = -w. What is the units digit of p?
2
Suppose -c + 0*c - 6 = 2*b, -1 = c + b. What is the units digit of c?
4
Let m = 212 - 210. What is the units digit of m?
2
Suppose 0 = -5*v + t + 94, v - t - 3*t = 15. What is the tens digit of v?
1
Let m be -3 + 0 + 1 + 0. What is the units digit of (-8)/4*(-5 - m)?
6
Let r = -49 + 225. What is the hundreds digit of r?
1
What is the tens digit of (-24)/60 + 444/10?
4
Let h = 13 + -7. Suppose -3*c = -h*c. Suppose v = -2*f + 17, f + 4*v + 0 + 2 = c. What is the units digit of f?
0
Suppose -47*d + 52*d - 1460 = 0. What is the tens digit of d?
9
What is the units digit of (33/44)/(3/324)?
1
Let s be ((-3 - -38) + 3)/2. Suppose -2*x = 4, -13 - s = -2*o + 4*x. What is the units digit of o?
2
Let l(n) be the first derivative of -n**3/3 + 5*n**2/2 + 7*n - 4. Let f be l(5). Let q = f - 5. What is the units digit of q?
2
Suppose -3*n = -n. Suppose a + 4*k = 7 + 4, -5*a - k + 112 = n. What is the tens digit of a?
2
What is the units digit of (3/2)/(18/456)?
8
Suppose -1674 = -9*c + 324. What is the tens digit of c?
2
Suppose 0 = -4*w - 5*i + 28, -3*i - i + 14 = -w. Let j be (w + -1)*-7 + 1. What is the units digit of j/21 - (-260)/28?
9
Let v be (3/(-2))/((-3)/6). Suppose -5 = 2*g - v*g. What is the units digit of g?
5
Let s(b) = -b**3 + b**2 + 6*b + 1. What is the hundreds digit of s(-6)?
2
Suppose -5*n + 9 + 2 = g, -4*n + g = -16. Suppose -o + 16 = n*o. What is the units digit of o?
4
Let j(i) = 2*i**3 - 3*i**2 - 1. Let u be 2*2/(-2)*-2. Let t be j(u). Suppose 0 = -5*q - 3*l + t + 17, -2*l = 2*q - 40. What is the units digit of q?
8
Let d(y) = -2*y**3 + 6*y**2 - 10*y - 9. Let w(k) = 5*k**3 - 19*k**2 + 30*k + 27. Let t(l) = 8*d(l) + 3*w(l). What is the units digit of t(-10)?
9
Suppose 3*p - 2 = -5. What is the units digit of 6*((-2)/6)/p?
2
Suppose -1 = k + 1. Let m = k - -4. What is the units digit of m?
2
Let i(v) = 2*v + 2. Let p be i(-4). Let k(w) = -2*w + 2. What is the tens digit of k(p)?
1
Let l = 99 + -63. What is the units digit of l?
6
Suppose 4*u + u = 2*s + 219, 0 = -5*u + 4*s + 213. What is the tens digit of u?
4
Suppose 0 = -9*v + 4*v + 140. What is the units digit of v?
8
Let a(i) = 3*i + 182. What is the units digit of a(0)?
2
Suppose 5*j + 2*t = 147, j = -j + 2*t + 56. What is the tens digit of j?
2
Suppose -3*d - 35 = -8*d. Let k = 15 + -20. Let c = d + k. What is the units digit of c?
2
Let c(f) = -17*f + 9. What is the tens digit of c(-4)?
7
Suppose -6*y = -10*y + 36. What is the tens digit of 294/y - (-4)/(-6)?
3
Suppose 3*p - 4*s - 14 = 0, -5*s = 2*p + 2*p + 2. Suppose w = -3*v + 22, -3*v + 2*w = p*v - 22. Let d = 10 - v. What is the units digit of d?
4
Let f = -170 - -243. What is the tens digit of f?
7
Let d(g) be the second derivative of -g**5/20 - g**4/3 + g**2/2 + 2*g. What is the units digit of d(-4)?
1
Let i(t) = 5*t**2 + 4*t**3 - 2*t**3 - t**3 - 7*t + 2. Let w be i(-5). Suppose -w + 9 = -4*b. What is the units digit of b?
7
Let o(v) = -v**2 + 3*v + 2. Let z = -4 + 8. Let d be o(z). Let h(s) = -s**2 - 4*s. What is the units digit of h(d)?
4
Suppose -5*k - 15 = -5. Let x be (-4 - k) + 6/1. Let q = 2 + x. What is the units digit of q?
6
Suppose -4*b + 159 = 3*f, 5*b - 2*f = -4*f + 190. What is the tens digit of b?
3
What is the tens digit of -3 + (672/30 - 2/5)?
1
Let z(d) = d**2 - 1 - 7*d**3 - d**2. Let y be z(-1). What is the units digit of 1*2/y*12?
4
Suppose -8 - 1 = -3*v. Suppose 0*a = v*y + 2*a - 1, 0 = y - 3*a - 4. What is the units digit of y?
1
Suppose 2*y - y + 1 = -3*x, 2*y + 2 = -2*x. Let b = -17 - -21. Suppose -a + b*c + 13 = x, 2*c + 5 = 2*a - 15. What is the units digit of a?
9
Let h(d) = -d**2 + 2*d**2 + 5*d + 0 + 6. Let j be h(-4). Suppose z = -j*z + 24. What is the units digit of z?
8
Suppose -2*m + 7 = -4*u - 39, -5*u = -3*m + 65. What is the units digit of m?
5
Suppose -i - i + 116 = 0. Suppose i = 6*p - 32. What is the units digit of p?
5
Let i(u) = -10*u - 13. Suppose -6 - 22 = 4*m. What is the units digit of i(m)?
7
Let k(l) = -l**2 + 94. Let g be k(0). Suppose -5*a - 3*x = -4*a - 6, -5*a = -x - g. What is the units digit of a?
8
Let u(h) = -h**3 + 8*h**2 - 7*h - 2. What is the tens digit of u(6)?
2
Suppose -217 = -0*t - 7*t. What is the tens digit of t*3*2/6?
3
Suppose 0*c - 12 = c. Let i = c + 21. What is the units digit of i?
9
Let v be 2/(-2) + (2 - -162). Suppose 5*m - v = y, 5*m + 3*y - 213 = -42. Let k = -21 + m. What is the tens digit of k?
1
Suppose 2*b + 0*h + 3*h = 366, -5*h + 732 = 4*b. What is the tens digit of b?
8
Let p(t) = t + 6. What is the units digit of p(0)?
6
Let i = 61 - -64. What is the units digit of i?
5
Let t(h) = h**2 + 10*h - 10. Suppose 0 = 4*s - 3*q + 63, -93 + 23 = 5*s - 2*q. What is the units digit of t(s)?
4
Let m be 62/(-5) - (-2)/5. Let a = -3 + 32. Let l = m + a. What is the units digit of l?
7
Let v(o) = o**2 - 3*o - 4. What is the units digit of v(-5)?
6
Suppose -36 = -5*f + 3*z, 0*z - 3*z = -2*f + 9. Let w(m) = m*